{"id":329,"date":"2024-09-16T08:57:55","date_gmt":"2024-09-16T08:57:55","guid":{"rendered":"https:\/\/turismesuria.cat\/?page_id=329"},"modified":"2025-07-27T10:27:05","modified_gmt":"2025-07-27T10:27:05","slug":"fitxa-de-suria","status":"publish","type":"page","link":"https:\/\/turismesuria.cat\/index.php\/fitxa-de-suria\/","title":{"rendered":"DESCOBREIX S\u00daRIA"},"content":{"rendered":"\n<p><\/p>\n\n\n\n<h6 class=\"wp-block-heading has-text-align-center has-background-color has-secondary-background-color has-text-color has-background has-link-color wp-elements-ddbcf6a8e3a89b6df8380e288f9ec587\">S\u00daRIA un poble amb ess\u00e8ncia pr\u00f2pia<\/h6>\n\n\n\n<p class=\"has-secondary-color has-text-color has-link-color wp-elements-cf84fd0f4d9ebca73971959f98541d04\">Situada al cor de la comarca del <strong>Bages<\/strong>, S\u00faria \u00e9s una vila amb un ric llegat hist\u00f2ric i una intensa activitat minera. El seu nucli antic, el Poble Vell, conserva l\u2019encant medieval i ofereix vistes privilegiades sobre el riu Cardener i l\u2019entorn natural que l\u2019envolta.<\/p>\n\n\n\n<p class=\"has-background-color has-secondary-background-color has-text-color has-background has-link-color has-small-font-size wp-elements-9613e0b39f41b4ab5b1f820872101cd7\"><strong>Fitxa t\u00e8cnica<\/strong><\/p>\n\n\n\n<p class=\"has-secondary-color has-text-color has-link-color wp-elements-bf53f1c55899cb1b7e61e20f3ccdac9e\">\u2705 <strong>Comarca:<\/strong> Bages<br>\u2705 <strong>Gentilici:<\/strong> surienc, surienca<br>\u2705 <strong>Altitud:<\/strong> 326 m<br>\u2705 <strong>Superf\u00edcie:<\/strong> 23,6 km\u00b2<br>\u2705 <strong>Poblaci\u00f3:<\/strong> 6.200 habitants (Padr\u00f3 Municipal 2024)<br>\u2705 <strong>Entorn:<\/strong> al nord-oest de la comarca, al costat del riu Cardener, propera a Cardona i Manresa<\/p>\n\n\n\n<p class=\"has-background-color has-secondary-background-color has-text-color has-background has-link-color has-small-font-size wp-elements-28ef40085964671598481a6cd9911088\"><strong>Sabies que\u2026<\/strong><\/p>\n\n\n\n<p class=\"has-secondary-color has-text-color has-link-color wp-elements-fab6746024401690b3c482f7c38e3a0d\">\ud83d\udd39 S\u00faria \u00e9s coneguda per les seves mines de sal pot\u00e0ssica, una activitat que ha marcat la seva hist\u00f2ria recent.<br>\ud83d\udd39 El Poble Vell est\u00e0 declarat B\u00e9 Cultural d\u2019Inter\u00e8s Nacional.<br>\ud83d\udd39 Cada any, S\u00faria celebra les Caramelles, unes de les m\u00e9s emblem\u00e0tiques de Catalunya.<br>\ud83d\udd39 El municipi ofereix una rica varietat de rutes de senderisme i miradors naturals.<\/p>\n\n\n<div class=\"wp-block-image\">\n<figure class=\"aligncenter size-full\"><img loading=\"lazy\" decoding=\"async\" width=\"2560\" height=\"1703\" src=\"https:\/\/turismesuria.cat\/wp-content\/uploads\/2025\/07\/suria-031-scaled.jpg\" alt=\"El carrer de la Mura amb les seves cases de pedra ben conservades i dos visitants descobrint el seu encant.\" class=\"wp-image-628\" srcset=\"https:\/\/turismesuria.cat\/wp-content\/uploads\/2025\/07\/suria-031-scaled.jpg 2560w, https:\/\/turismesuria.cat\/wp-content\/uploads\/2025\/07\/suria-031-300x200.jpg 300w, https:\/\/turismesuria.cat\/wp-content\/uploads\/2025\/07\/suria-031-1024x681.jpg 1024w, https:\/\/turismesuria.cat\/wp-content\/uploads\/2025\/07\/suria-031-768x511.jpg 768w, https:\/\/turismesuria.cat\/wp-content\/uploads\/2025\/07\/suria-031-1536x1022.jpg 1536w, https:\/\/turismesuria.cat\/wp-content\/uploads\/2025\/07\/suria-031-2048x1363.jpg 2048w, https:\/\/turismesuria.cat\/wp-content\/uploads\/2025\/07\/suria-031-18x12.jpg 18w, https:\/\/turismesuria.cat\/wp-content\/uploads\/2025\/07\/suria-031-1200x798.jpg 1200w, https:\/\/turismesuria.cat\/wp-content\/uploads\/2025\/07\/suria-031-1980x1317.jpg 1980w\" sizes=\"auto, (max-width: 2560px) 100vw, 2560px\" \/><figcaption class=\"wp-element-caption\"><em><sub>Carles Fortuny \u00a9Bages Turisme _ Consell Comarcal del Bages<\/sub><\/em><\/figcaption><\/figure>\n<\/div>\n\n\n<p class=\"has-text-align-left has-background-color has-secondary-background-color has-text-color has-background has-link-color has-small-font-size wp-elements-a917973d919c33bf849898d652e0f625\"><strong>Descobreix S\u00faria amb el nou mapa il\u00b7lustrat<\/strong><\/p>\n\n\n\n<p class=\"has-secondary-color has-text-color has-link-color wp-elements-0238fa25e68fe53e8a469e41a6c1604e\"><strong>Explora el municipi amb una nova mirada!!<\/strong><br>Amb aquest nou mapa il\u00b7lustrat de S\u00faria podr\u00e0s orientar-te f\u00e0cilment pels principals carrers i espais del poble, descobrir racons emblem\u00e0tics del <strong>nucli hist\u00f2ric del Poble Vell<\/strong> i accedir a les diferents <strong>rutes de senderisme<\/strong> per l&#8217;entorn natural.<\/p>\n\n\n\n<p class=\"has-secondary-color has-text-color has-link-color wp-elements-c4b8bc42806b0c2c0113db516e9aa550\">Al revers del mapa tamb\u00e9 trobar\u00e0s un recull de punts d\u2019inter\u00e8s patrimonials, culturals i festius que fan de S\u00faria una vila viva i amb molta personalitat.<\/p>\n\n\n\n<div class=\"wp-block-buttons is-content-justification-center is-layout-flex wp-container-core-buttons-is-layout-16018d1d wp-block-buttons-is-layout-flex\">\n<div class=\"wp-block-button\"><a class=\"wp-block-button__link has-secondary-background-color has-background has-text-align-center wp-element-button\" href=\"https:\/\/drive.google.com\/file\/d\/1VTtl-W-kFzRqwzKiI9Onuoypzad9wZlx\/view?usp=sharing\">\ud83d\uddfa\ufe0f Descarrega\u2019t el mapa i prepara la teva visita! \ud83d\uddfa\ufe0f<\/a><\/div>\n<\/div>\n\n\n\n<p class=\"has-text-align-center has-secondary-color has-text-color has-link-color has-small-font-size wp-elements-13427089ea06f13ba1a9fd39170dac62\"><\/p>\n\n\n\n<p><\/p>\n","protected":false},"excerpt":{"rendered":"<p>S\u00daRIA un poble amb ess\u00e8ncia pr\u00f2pia Situada al cor de la comarca del Bages, S\u00faria \u00e9s una vila amb un ric llegat hist\u00f2ric i una intensa activitat minera. El seu nucli antic, el Poble Vell, conserva l\u2019encant medieval i ofereix vistes privilegiades sobre el riu Cardener i l\u2019entorn natural que l\u2019envolta. Fitxa t\u00e8cnica \u2705 Comarca: [&hellip;]<\/p>\n","protected":false},"author":1,"featured_media":0,"parent":0,"menu_order":0,"comment_status":"closed","ping_status":"closed","template":"","meta":{"footnotes":""},"class_list":["post-329","page","type-page","status-publish","hentry"],"_links":{"self":[{"href":"https:\/\/turismesuria.cat\/index.php\/wp-json\/wp\/v2\/pages\/329","targetHints":{"allow":["GET"]}}],"collection":[{"href":"https:\/\/turismesuria.cat\/index.php\/wp-json\/wp\/v2\/pages"}],"about":[{"href":"https:\/\/turismesuria.cat\/index.php\/wp-json\/wp\/v2\/types\/page"}],"author":[{"embeddable":true,"href":"https:\/\/turismesuria.cat\/index.php\/wp-json\/wp\/v2\/users\/1"}],"replies":[{"embeddable":true,"href":"https:\/\/turismesuria.cat\/index.php\/wp-json\/wp\/v2\/comments?post=329"}],"version-history":[{"count":19,"href":"https:\/\/turismesuria.cat\/index.php\/wp-json\/wp\/v2\/pages\/329\/revisions"}],"predecessor-version":[{"id":722,"href":"https:\/\/turismesuria.cat\/index.php\/wp-json\/wp\/v2\/pages\/329\/revisions\/722"}],"wp:attachment":[{"href":"https:\/\/turismesuria.cat\/index.php\/wp-json\/wp\/v2\/media?parent=329"}],"curies":[{"name":"wp","href":"https:\/\/api.w.org\/{rel}","templated":true}]}}

DESCOBREIX SÚRIA

<p></p>



<h6 class="wp-block-heading has-text-align-center has-background-color has-secondary-background-color has-text-color has-background has-link-color wp-elements-ddbcf6a8e3a89b6df8380e288f9ec587">SÚRIA un poble amb essència pròpia</h6>



<p class="has-secondary-color has-text-color has-link-color wp-elements-cf84fd0f4d9ebca73971959f98541d04">Situada al cor de la comarca del <strong>Bages</strong>, Súria és una vila amb un ric llegat històric i una intensa activitat minera. El seu nucli antic, el Poble Vell, conserva l’encant medieval i ofereix vistes privilegiades sobre el riu Cardener i l’entorn natural que l’envolta.</p>



<p class="has-background-color has-secondary-background-color has-text-color has-background has-link-color has-small-font-size wp-elements-9613e0b39f41b4ab5b1f820872101cd7"><strong>Fitxa tècnica</strong></p>



<p class="has-secondary-color has-text-color has-link-color wp-elements-bf53f1c55899cb1b7e61e20f3ccdac9e">✅ <strong>Comarca:</strong> Bages<br>✅ <strong>Gentilici:</strong> surienc, surienca<br>✅ <strong>Altitud:</strong> 326 m<br>✅ <strong>Superfície:</strong> 23,6 km²<br>✅ <strong>Població:</strong> 6.200 habitants (Padró Municipal 2024)<br>✅ <strong>Entorn:</strong> al nord-oest de la comarca, al costat del riu Cardener, propera a Cardona i Manresa</p>



<p class="has-background-color has-secondary-background-color has-text-color has-background has-link-color has-small-font-size wp-elements-28ef40085964671598481a6cd9911088"><strong>Sabies que…</strong></p>



<p class="has-secondary-color has-text-color has-link-color wp-elements-fab6746024401690b3c482f7c38e3a0d">🔹 Súria és coneguda per les seves mines de sal potàssica, una activitat que ha marcat la seva història recent.<br>🔹 El Poble Vell està declarat Bé Cultural d’Interès Nacional.<br>🔹 Cada any, Súria celebra les Caramelles, unes de les més emblemàtiques de Catalunya.<br>🔹 El municipi ofereix una rica varietat de rutes de senderisme i miradors naturals.</p>


<div class="wp-block-image">
<figure class="aligncenter size-full"><img loading="lazy" decoding="async" width="2560" height="1703" src="https://turismesuria.cat/wp-content/uploads/2025/07/suria-031-scaled.jpg" alt="El carrer de la Mura amb les seves cases de pedra ben conservades i dos visitants descobrint el seu encant." class="wp-image-628" srcset="https://turismesuria.cat/wp-content/uploads/2025/07/suria-031-scaled.jpg 2560w, https://turismesuria.cat/wp-content/uploads/2025/07/suria-031-300x200.jpg 300w, https://turismesuria.cat/wp-content/uploads/2025/07/suria-031-1024x681.jpg 1024w, https://turismesuria.cat/wp-content/uploads/2025/07/suria-031-768x511.jpg 768w, https://turismesuria.cat/wp-content/uploads/2025/07/suria-031-1536x1022.jpg 1536w, https://turismesuria.cat/wp-content/uploads/2025/07/suria-031-2048x1363.jpg 2048w, https://turismesuria.cat/wp-content/uploads/2025/07/suria-031-18x12.jpg 18w, https://turismesuria.cat/wp-content/uploads/2025/07/suria-031-1200x798.jpg 1200w, https://turismesuria.cat/wp-content/uploads/2025/07/suria-031-1980x1317.jpg 1980w" sizes="auto, (max-width: 2560px) 100vw, 2560px" /><figcaption class="wp-element-caption"><em><sub>Carles Fortuny ©Bages Turisme _ Consell Comarcal del Bages</sub></em></figcaption></figure>
</div>


<p class="has-text-align-left has-background-color has-secondary-background-color has-text-color has-background has-link-color has-small-font-size wp-elements-a917973d919c33bf849898d652e0f625"><strong>Descobreix Súria amb el nou mapa il·lustrat</strong></p>



<p class="has-secondary-color has-text-color has-link-color wp-elements-0238fa25e68fe53e8a469e41a6c1604e"><strong>Explora el municipi amb una nova mirada!!</strong><br>Amb aquest nou mapa il·lustrat de Súria podràs orientar-te fàcilment pels principals carrers i espais del poble, descobrir racons emblemàtics del <strong>nucli històric del Poble Vell</strong> i accedir a les diferents <strong>rutes de senderisme</strong> per l&#8217;entorn natural.</p>



<p class="has-secondary-color has-text-color has-link-color wp-elements-c4b8bc42806b0c2c0113db516e9aa550">Al revers del mapa també trobaràs un recull de punts d’interès patrimonials, culturals i festius que fan de Súria una vila viva i amb molta personalitat.</p>



<div class="wp-block-buttons is-content-justification-center is-layout-flex wp-container-core-buttons-is-layout-16018d1d wp-block-buttons-is-layout-flex">
<div class="wp-block-button"><a class="wp-block-button__link has-secondary-background-color has-background has-text-align-center wp-element-button" href="https://drive.google.com/file/d/1VTtl-W-kFzRqwzKiI9Onuoypzad9wZlx/view?usp=sharing">🗺️ Descarrega’t el mapa i prepara la teva visita! 🗺️</a></div>
</div>



<p class="has-text-align-center has-secondary-color has-text-color has-link-color has-small-font-size wp-elements-13427089ea06f13ba1a9fd39170dac62"></p>



<p></p>

<p>SÚRIA un poble amb essència pròpia Situada al cor de la comarca del Bages, Súria és una vila amb un ric llegat històric i una intensa activitat minera. El seu nucli antic, el Poble Vell, conserva l’encant medieval i ofereix vistes privilegiades sobre el riu Cardener i l’entorn natural que l’envolta. Fitxa tècnica ✅ Comarca: [&hellip;]</p>
